me factors of z?
2
List the prime factors of 178*(((-639)/30)/(18/(-30)))/1.
71, 89
Suppose 33*o = 29*o - 1340. Let h = o + 723. List the prime factors of h.
2, 97
Suppose -5*f - 5*k = 5, -3*f - 4 = -5*f + 4*k. Suppose f = 38*v - 42*v + 12. What are the prime factors of (-1)/((1 - 2)/41) + v?
2, 11
Let n(h) = -425*h + 1. Let d(k) = -k**3 - 14*k**2 + 17*k + 27. Let w be d(-15). Let q be n(w). Suppose 12*l - q = l. What are the prime factors of l?
2, 29
Let m(o) = -o**3 + 3257. Let l be m(0). Let i = l + -1949. What are the prime factors of i?
2, 3, 109
Suppose 0 = 3*d + q - 2 - 8, -20 = d + 5*q. Suppose d*c + g = 1776, 15*c - 19*c - 5*g + 1425 = 0. What are the prime factors of c?
5, 71
Let p = 106 + -39. Suppose -69*k + 676 = -p*k. List the prime factors of k.
2, 13
Suppose -j = -5*p - 2, 0*j + 2*j = -3*p - 9. Suppose 0 = 8*o - 631 - 137. What are the prime factors of -1 + o - (1 - j)?
7, 13
Let a = 38 + -36. Let k(w) = a*w + 4*w + 44 - 48 + 11*w. What are the prime factors of k(5)?
3
Let v(h) = -4*h**2 - 18*h - 28. Let x be v(-11). Let a = -138 - x. Let u = a - 43. What are the prime factors of u?
7, 19
Suppose 5*f + 2*j + 1090 = 0, 3*f = -0*f - 3*j - 663. Let i = f + 619. List the prime factors of i.
13, 31
Suppose 0 = -4*j - 4*o + 4775 - 871, 981 = j - 4*o. What are the prime factors of j?
977
Suppose 6 = -5*m + 66. Let q be 7/(56/m)*2*1. Suppose 0 = n - q, 5*f - 5*n - 546 = -81. What are the prime factors of f?
2, 3
Let q = 143951 - 58251. What are the prime factors of q?
2, 5, 857
Let t(y) = 41*y + 227. Let l(a) = 20*a + 114. Let x(v) = 5*l(v) - 3*t(v). List the prime factors of x(-9).
2, 3
Let t = 808 + -799. Suppose -q - 2584 = -t*q. List the prime factors of q.
17, 19
Let c be 1 + (2 - -4728)/5. Let h = c + -641. What are the prime factors of h?
2, 3, 17
Let o(p) = 3464*p**3 + 3*p**2 - 4*p + 2. Let c be o(1). What are the prime factors of c/119 + (-6)/51?
29
Suppose -25*v - 8*v + 61727 = -16*v. What are the prime factors of v?
3631
Let d be (-35)/(-140) + (-1 - 6654/(-8)). Suppose -4*x = -d - 857. What are the prime factors of x?
2, 211
Suppose -231*h = -800773 - 3839324. What are the prime factors of h?
53, 379
Suppose 6*h - 4 = 5*h, 74052 = 2*n + 4*h. List the prime factors of n.
2, 83, 223
Suppose g + 2*v + 3199 = 10595, -4*g = -4*v - 29608. List the prime factors of g.
2, 5, 37
Suppose 0 = -415*d + 409*d + 12210. Let j = -862 + d. What are the prime factors of j?
3, 17, 23
Let z = 23349 - 4797. What are the prime factors of z?
2, 3, 773
Suppose 2*q + 5 = c + 9, 0 = -3*c + 4*q - 8. Let f(d) = 3*d**2 + 2*d + 78. List the prime factors of f(c).
2, 3, 13
Suppose 23*z - 125*z + 112773 = -180885. What are the prime factors of z?
2879
Let r(y) = -y - 34. Let n be r(34). Let i = n - -204. What are the prime factors of i?
2, 17
Let u(i) = -i**2 - 45*i + 6. Let m(y) = -19*y + 2. Let x be m(1). Let z be u(x). What are the prime factors of 9*((-6)/(-27) - z/(-18))?
3
Suppose 0 = 2*o - 2*f - 4, f + 4 = 5*f. Suppose o*s + 5*w = 7 + 111, 2*s = 4*w + 86. Let i = 150 - s. List the prime factors of i.
109
Suppose 44 = 10*l - 12*l. List the prime factors of 27912/88 + 4/l.
317
Suppose 6*t = -480 - 180. Let b = t - -62. Let v = b - -87. List the prime factors of v.
3, 13
Suppose 11*a = -29*a - 33*a + 1317285. What are the prime factors of a?
3, 5, 401
Let k = 30040 + 30847. What are the prime factors of k?
60887
Let w = -499 - -315. Let i = w - -59. Let x = -49 - i. List the prime factors of x.
2, 19
Suppose 13*a - 43*a + 60 = 0. List the prime factors of a/(3 + -113*(-3)/(-114)).
2, 19
Let m(s) = 94*s + 1. Let b be m(2). Suppose 0*y = -y - 2*p + 189, -y - 3*p = -b. What are the prime factors of y?
3, 7
Let p = -37913 - -43927. List the prime factors of p.
2, 31, 97
Let y = -9754 + 19739. List the prime factors of y.
5, 1997
Suppose -73 - 50 = -5*w + 2*b, -w + 24 = -b. Suppose 0 = g - 26 + w. List the prime factors of 7/1*(g + 6).
7
Let p(m) = -134*m + 46. Let h(i) = -66*i + 23. Let v(s) = -13*h(s) + 6*p(s). What are the prime factors of v(5)?
13, 19
Let a(i) = 8965*i**2 + 2. Let b be a(1). Suppose b = 9*l + 12*l. What are the prime factors of l?
7, 61
Let k(w) = 26*w**3 + 2*w**2 - 95*w + 5. List the prime factors of k(9).
2, 9133
Let m = -321 + 349. Suppose p - 2*h + 11 - m = 0, 0 = -p - 5*h + 10. List the prime factors of p.
3, 5
What are the prime factors of (0 - 3)/((-6)/(-4)*58/(-310619))?
10711
Let g = 455 + -455. Suppose -4*q - r + 3280 = g, -3*r - 2440 + 814 = -2*q. What are the prime factors of q?
3, 7, 13
Suppose -y = 3*x - 225921, 8*y - 225894 = -3*x + 10*y. What are the prime factors of x?
2, 9413
Let z = 56 + 22. Suppose -2*m + 31 = -q, -5*m + 7*q + z = 4*q. List the prime factors of 3/m - 624/(-30).
3, 7
Suppose 0 = -4*h - 3*p + 30, 0 = 5*h - 2*p + p - 28. Let o be 3/h + 33/(-2). Let l = 24 + o. What are the prime factors of l?
2
Let k = -168 + 154. Let s(c) = -32*c + 86. List the prime factors of s(k).
2, 3, 89
Let u = 448 - 450. Let m(g) = 85*g**2 - 4*g - 10. List the prime factors of m(u).
2, 13
Suppose -2*q - 467 = 113. Let k = 186 - q. List the prime factors of k.
2, 7, 17
Suppose 7005 = 5*p + 4*x, -10*x - 5604 = -4*p - 5*x. What are the prime factors of p?
3, 467
Suppose 2*k = 2*q + 14, -11*k - 4*q - 14 = -8*k. Suppose -4*t + 138 = k*h - 2560, -4*h + 2700 = 4*t. What are the prime factors of t?
2, 337
Let n(m) = -25*m + 91. Let w be n(-13). Let q = 1027 - w. What are the prime factors of q?
13, 47
Suppose -8*a + 744 = 16*a. Suppose a*c + 28 = 33*c. List the prime factors of c.
2, 7
Let l = 37 + -99. Let y = -59 - l. Suppose -4*d - 5*u + 276 = 0, 5*u + 259 = y*d + 17. What are the prime factors of d?
2, 37
Let q be (9/2)/(-1)*6. Let b = q + 30. Suppose -w = 3*d - 346, 2*d = -b*d + 3*w + 586. What are the prime factors of d?
2, 29
Suppose 5175 = 9*z + 171. Suppose -7*k + z = 38. What are the prime factors of k?
2, 37
Let p(o) = -o**3 - 51*o**2 - 52*o - 577. What are the prime factors of p(-57)?
21881
Let g be ((-4)/(-3))/((-2)/(-3)). Suppose -4*t = -5*t + 2*l + 1136, g*t - 2*l - 2280 = 0. Suppose -c = -12*c + t. List the prime factors of c.
2, 13
Suppose u = 5*u - 2*b - 154, -u + 36 = -3*b. Let j = 1152 - u. What are the prime factors of j?
3, 7, 53
Suppose 5*c = 30, -5*z = 6*c - 10*c - 26581. List the prime factors of z.
17, 313
Let z be (-19)/(-1) - (-5 - -6 - 6/2). Let h be 0 - (0 + 1)*-1. Let j = z - h. What are the prime factors of j?
2, 5
Let o = -3824 - -11602. List the prime factors of o.
2, 3889
Let r(s) = s**3 + 4*s**2 - 32*s + 587. What are the prime factors of r(21)?
2, 5, 547
Let l be (28 - 26)*1345/(-2). Let k = -762 - l. What are the prime factors of k?
11, 53
List the prime factors of (5 + -4 - -6) + 36785/5.
2, 7, 263
Let c(x) = -x**3 - 64*x**2 - 202*x + 536. List the prime factors of c(-62).
2, 17, 79
Suppose 0 = -74*a + 76*a - h - 8765, -3*a = -4*h - 13135. List the prime factors of a.
5, 877
Let k be (-1 - (-4 + -1 - -2)) + 3. Suppose -3*t - 658 = -x, 9*t - k*t + 3235 = 5*x. What are the prime factors of x?
643
Let l(v) = -v**2 + 8*v + 6. Let n(t) = -t**3 - 3*t**2 + 2. Let h be n(-2). Let k be 6/(2*h/(-4)). List the prime factors of l(k).
2, 3
Let t = 315 + -332. Let i(x) = 2*x**2 + 18*x - 93. What are the prime factors of i(t)?
179
Let x be (152/(-6))/(201/(-18) + 11). Let y = x - 86. List the prime factors of y.
2, 3, 11
Suppose 0 = 4*z - 2*g + 58 - 786, 4*g - 344 = -2*z. Suppose -11*t + 2*t + z = 0. What are the prime factors of t?
2, 5
Let b = 7992 - 4176. Suppose 3*t = -3*z + b, -5*z + 6777 - 453 = -4*t. List the prime factors of z.
2, 317
Let x(k) = 0 - 13*k - 9*k - 4. Suppose -11*g + 638 = 693. List the prime factors of x(g).
2, 53
Suppose 199*p - 195*p + k - 38936 = 0, -5*p - 4*k = -48670. List the prime factors of p.
2, 31, 157
Let n(f) = f**2 - f - 5. Let g be n(3). Let j(t) = -t**2 - t. Let q(k) = -5*k**2 - 12*k + 19. Let r(x) = g*q(x) - 4*j(x). List the prime factors of r(-8).
19
Let f = 14082 - 9926. What are the prime factors of f?
2, 1039
Let u(k) = 4*k**3 - 22*k**2 - 9*k - 14. Let g be u(6). Suppose 4*o + 0*q - 1581 = 3*q, -g*o - 2*q = -1606. List the prime factors of o.
3, 7, 19
Let y(k) = k + 5*k - 12*k + 356 + 5*k. What are the prime factors of y(0)?
2, 89
Suppose -353*c + 359*c = -72. Let 